9
Let q(r) = -r**2 + 37*r + 69. What is q(39)?
-9
Let n(i) = -i**2 + 28*i + 38. Determine n(33).
-127
Let t(r) = -r**3 + 9*r**2 + 11*r - 10. Calculate t(10).
0
Let l(h) = 8*h + 5. Calculate l(-1).
-3
Let w(m) = -14*m**2 - m. Calculate w(1).
-15
Let q(f) = f**3 - 4*f**2 - 4*f. Calculate q(5).
5
Let t(p) = p + 3. What is t(-2)?
1
Let s(i) = -11*i - 2. What is s(3)?
-35
Let y(r) = r**3 - 6*r**2 + 8*r - 6. Give y(5).
9
Let q(y) = y**3 + 23*y**2 - 50*y - 7. Determine q(-25).
-7
Let g(a) = -a**3 - 9*a**2 - 3*a + 3. Give g(-9).
30
Let b(o) = -22*o - 121. Calculate b(-8).
55
Let v(d) = d**2 - d - 1. Determine v(5).
19
Let t(g) = 9*g**2 - 14*g + 13. Calculate t(1).
8
Let c(h) = -h**3 + 9*h**2 + 20*h + 14. What is c(11)?
-8
Let m(f) = f**2 - 12*f - 20. What is m(14)?
8
Let d(f) = 4*f + 4. Determine d(-5).
-16
Let i(y) = 6*y - 12. Calculate i(9).
42
Let b(s) = -s**3 + 8*s**2 + 6*s - 45. Calculate b(8).
3
Let y(v) = -v**2 - 2*v. Calculate y(-6).
-24
Let k(p) = 2*p**3 + 32*p**2 + 29*p - 22. Give k(-15).
-7
Let r(i) = -3*i - 1. What is r(0)?
-1
Let m(k) = -k**2 + 7*k - 19. What is m(6)?
-13
Let j(k) = 2*k + 14. What is j(-14)?
-14
Let p(f) = -f**2 - 2*f + 23. What is p(-6)?
-1
Let g(p) = -p + 33. Calculate g(17).
16
Let a(v) = -2*v**2 - v + 2. Give a(1).
-1
Let m(t) = 12*t + 224. What is m(-19)?
-4
Let s(q) = -q**3 - q**2 + 3*q - 4. What is s(4)?
-72
Let s(x) = -x**3 - x**2 + 20. What is s(0)?
20
Let k(g) = -g**2 + 2*g + 2. Give k(5).
-13
Let n(u) = u**3 + 6*u**2 + 10*u + 6. Calculate n(-5).
-19
Let q(b) = b + 10. Determine q(-13).
-3
Let f(m) = -m**3 + 3*m**2 + m + 4. Determine f(3).
7
Let n(o) = 9*o + 182. Give n(-18).
20
Let z(m) = m**3 + 4*m**2 + 4*m + 14. Calculate z(-4).
-2
Let a(n) = -9*n**2 + 2*n. What is a(1)?
-7
Let k(z) = -3*z**2 + 4*z - 2. What is k(3)?
-17
Let z(r) = r**3 - 14*r**2 + 12*r + 13. What is z(13)?
0
Let u(d) = d**3 + 28*d**2 + 24*d - 54. Calculate u(-27).
27
Let b(y) = y**2 + 3*y - 1. Calculate b(-4).
3
Let u(a) = 3*a**2 + a - 1. Calculate u(2).
13
Let r(a) = a**3 - 9*a**2 + a - 8. Calculate r(9).
1
Let g(b) = b**2 + b - 13. Determine g(9).
77
Let d(t) = -t + 63. What is d(14)?
49
Let f(u) = u**3 + 8*u**2 - u + 4. Give f(-8).
12
Let d(l) = -l**3 + 4*l**2 - 2*l. Calculate d(4).
-8
Let x(j) = j**2 - 3*j - 16. What is x(5)?
-6
Let m(k) = -47*k + 287. Give m(6).
5
Let y(c) = c**3 - 29*c**2 - 63*c + 30. Determine y(31).
-1
Let r(h) = -h**3 + 2*h**2 + 17*h - 2. What is r(6)?
-44
Let y(x) = -x**2 - 18*x - 27. Give y(-9).
54
Let c(a) = -a**3 - 21*a**2 - 39*a + 12. What is c(-19)?
31
Let n(c) = -3*c + 19. What is n(13)?
-20
Let l(w) = -2*w + 2. Calculate l(4).
-6
Let l(q) = 74*q + 510. Calculate l(-7).
-8
Let f(h) = -h**2 + 13*h - 20. Determine f(11).
2
Let r(x) = -x**3 + 11*x**2 + 13*x - 3. Determine r(12).
9
Let q(a) = 2*a - 2. Determine q(5).
8
Let y(t) = 29*t - 9. What is y(-1)?
-38
Let r(h) = -h**2 - 14*h + 23. What is r(-16)?
-9
Let o(x) = -x**3 + x**2 + x - 2. Calculate o(0).
-2
Let j(c) = c**3 + 7*c**2 - 19*c - 10. Give j(-9).
-1
Let w(u) = u - 2. Calculate w(-4).
-6
Let l(r) = -2*r + 19. Calculate l(15).
-11
Let m(q) = q**3 + 4*q**2 - 6*q - 14. Determine m(-4).
10
Let q(k) = k**3 - 21*k**2 + 18*k + 35. Give q(20).
-5
Let z(a) = -31*a**2 + 2. Give z(-1).
-29
Let q(c) = c**2 + 2*c - 11. Calculate q(-4).
-3
Let w(o) = -o**2 - 17*o - 23. Calculate w(-16).
-7
Let s(m) = 3*m + 33. Determine s(-11).
0
Let a(j) = j**3 - 3*j**2 - j + 12. Determine a(0).
12
Let c(r) = -3*r**2 + 8*r + 1. What is c(3)?
-2
Let q(g) = 2*g**2 - 33*g + 40. What is q(15)?
-5
Let p(c) = -10*c**2. Calculate p(-2).
-40
Let w(q) = q**3 - 31*q**2 - 32*q + 6. Calculate w(32).
6
Let b(k) = -k**3 + 12*k**2 - 7*k + 30. Give b(12).
-54
Let w(b) = -b**2 - 6*b - 3. Give w(-11).
-58
Let p(d) = 6*d - 72. Give p(12).
0
Let g(d) = -13*d + 84. Give g(6).
6
Let p(z) = 23*z + 40. What is p(-2)?
-6
Let f(w) = w**2 - 7*w + 3. What is f(5)?
-7
Let z(y) = 2*y**2 - 4*y - 9. Calculate z(4).
7
Let u(x) = x**3 - 2*x**2 - x + 4. What is u(5)?
74
Let n(i) = i**3 + 14*i**2 + 49*i + 10. Give n(-6).
4
Let h(i) = i**2 - 12*i - 26. Calculate h(14).
2
Let z(c) = -c**3 - 4*c**2 - 8*c - 6. Calculate z(-3).
9
Let i(a) = a**3 - 8*a**2 - 18*a + 10. Calculate i(10).
30
Let o(p) = p**2 - 6*p - 2. Calculate o(11).
53
Let f(d) = d**3 + d**2 + 3*d + 5. What is f(0)?
5
Let l(i) = i**3 - 8*i**2 + 11*i - 9. Determine l(7).
19
Let j(h) = -h**3 - h**2 - 11*h - 10. Calculate j(-3).
41
Let g(z) = -7*z - 7. Determine g(-5).
28
Let r(l) = -l + 9. Give r(7).
2
Let v(x) = x**2 + 59*x + 219. Give v(-55).
-1
Let y(p) = -p**3 - 7*p**2 - p + 4. Calculate y(-5).
-41
Let j(l) = l - 27. What is j(23)?
-4
Let m(d) = -d + 1. What is m(-8)?
9
Let o(n) = -2*n**3 + 27*n**2 + 15*n - 14. Give o(14).
0
Let a(y) = -y - 7. Determine a(-3).
-4
Let a(h) = -h**3 + 4*h + 5. What is a(-2)?
5
Let z(t) = t**2 + 6*t - 1. Calculate z(-8).
15
Let f(k) = 5*k - 7. Give f(3).
8
Let y(a) = 4*a + 1. What is y(11)?
45
Let j(o) = -o + 2. Calculate j(-6).
8
Let q(o) = -o**2 + 2*o + 15. Calculate q(11).
-84
Let w(z) = z + 5. Give w(6).
11
Let b(q) = q**3 - 9*q**2 - 13*q + 31. Determine b(10).
1
Let j(c) = 5*c - 112. Determine j(14).
-42
Let c(q) = -q**3 + 9*q**2 - q + 2. Determine c(9).
-7
Let y(b) = b**2 + 62*b - 339. Determine y(5).
-4
Let q(g) = g**3 + 4*g**2 - 13*g - 35. Calculate q(-6).
-29
Let y(q) = -q + 27. Give y(23).
4
Let h(x) = 25*x - 25. What is h(5)?
100
Let n(t) = -t**2 - 14*t + 518. What is n(-31)?
-9
Let y(u) = 3*u**2 + 66*u - 6. What is y(-22)?
-6
Let k(u) = -4*u + 27. Give k(-10).
67
Let v(x) = -6*x + 9. Give v(3).
-9
Let y(u) = u**3 + 25*u**2 + 2*u + 49. Calculate y(-25).
-1
Let q(w) = 34*w - 1. Calculate q(-1).
-35
Let w(b) = -b**3 + 4*b**2 - b - 6. What is w(3)?
0
Let v(x) = 63*x - 574. Calculate v(9).
-7
Let m(n) = n**2 - 3*n - 145. What is m(12)?
-37
Let g(a) = -2*a**3 - 2*a**2 + 3*a + 5. Calculate g(-2).
7
Let u(a) = -a**2 - 13*a + 2. Determine u(-13).
2
Let w(u) = -u**2 - u + 1. What is w(-1)?
1
Let d(v) = -6*v + 325. Calculate d(54).
1
Let a(h) = -h**3 + 9*h**2 - 11*h + 19. Give a(8).
-5
Let y(p) = 5*p**2 + 2*p - 3. Calculate y(2).
21
Let c(r) = r**3 + 3*r**2 - 6*r + 5. Calculate c(-5).
-15
Let x(n) = n**3 + 11*n**2 + 19*n - 36. Calculate x(-8).
4
Let d(c) = -4*c + 13. Give d(6).
-11
Let m(x) = -x**3 + 18*x**2 - x + 22. Determine m(18).
4
Let a(y) = y**2 + y - 6. Calculate a(-5).
14
Let f(r) = -r**3 - 13*r**2 + 2*r + 23. What is f(-13)?
-3
Let c(x) = -x**2 - 6*x + 10. Give c(-10).
-30
Let y(k) = 2*k**3 - 3*k**2 + 3*k + 11. Calculate y(0).
11
Let v(u) = -u**2 + 14*u + 40. What is v(16)?
8
Let m(b) = -31*b + 710. Determine m(23).
-3
Let y(n) = n**2 - 22*n + 53. Calculate y(20).
13
Let j(h) = -h**2 + 12*h - 19. Give j(11).
-8
Let x(r) = -r**2 + 9*r + 1. Give x(7).
15
Let b(i) = -9*i + 13. Calculate b(-4).
49
Let u(p) = -8*p + 94. What is u(10)?
14
Let c(o) = -o**2 + 8*o + 1. Determine c(7).
8
Let p(v) = -v**2 - 17*v - 5. Calculate p(-17).
-5
Let x(h) = h**3 - 13*h**2 + 39*h - 18. Calculate x(9).
9
Let n(j) = -j**3 + 14*j**2 - 7. Determine n(14).
-7
Let c(k) = k**3 - 8*k**2 + 6*k + 3. What is c(5)?
-42
Let m(d) = 5*d**3 - d**2 - d + 1. What is m(-1)?
-4
Let o(j) = -8*j - 79. Give o(-9).
-7
Let a(z) = -5*z + 10. Give a(-7).
45
Let u(z) = z**3 + 17*z**2 - 22. Calculate u(-17).
-22
Let b(p) = -26*p + 376. Calculate b(14).
12
Let p(r) = -2*r**2 + r. Determine p(1).
-1
Let k(o) = -o**3 - 4*o**2 - 16*o - 26. Give k(-2).
-2
Let y(k) = 19*k + 2. What is y(-1)?
-17
Let k(w) = -w**2 - 7*w + 150. Give k(-16).
6
Let m(v) = 10*v**2 + 2*v. Give m(-1).
8
Let r(x) = -19*x + 8. Calculate r(-5).
103
Let k(z) = -z**2 - 3*z + 2. Calculate k(-6).
-16
Let m(o) = -o**2 - 11*o - 17. Give m(-8).
7
Let h(t) = 28*t**2. Determine h(-1).
28
Let b(y) = -y**2 + 3*y + 6. Give b(4).
2
Let f(h) = -h**3 + 10*h**2 + 9*h + 25. Calculate f(11).
3
Let z(i) = i**3 + 25*i**2 + 23*i - 31. Give z(-24).
-7
Let y(h) = h**3 + 3. Give y(-2).
-5
Let v(g) = 7*g - 15. Give v(2).
-1
Let l(f) = -81*f**3 + f**2 + f - 3. What is l(1)?
-82
Let f(y) = 3*y**3 - 8*y**2 + 4*y + 5. Calculate f(4).
85
Let n(o) = 5*o + 9. Determine n(-6).
-21
Let f(d) = 16*d - 45. What is f(3)?
3
Let x(d) = -d**2 + 19*d - 94. Determine x(12).
-10
Let x(o) = 15*o + 29. Give x(9).
164
Let u(a) = 5*a + 9. Wha